e tens digit of 96016?
1
What is the units digit of 133727?
7
What is the millions digit of 7098669?
7
What is the hundred thousands digit of 552475?
5
What is the hundreds digit of 2432143?
1
What is the ten thousands digit of 14557909?
5
What is the thousands digit of 616118?
6
What is the units digit of 215444?
4
What is the thousands digit of 229486?
9
What is the ten thousands digit of 258139?
5
What is the ten thousands digit of 326556?
2
What is the ten thousands digit of 326772?
2
What is the units digit of 8299130?
0
What is the tens digit of 8610598?
9
What is the thousands digit of 1009617?
9
What is the ten thousands digit of 165462?
6
What is the hundreds digit of 532972?
9
What is the ten thousands digit of 43316?
4
What is the thousands digit of 16392524?
2
What is the thousands digit of 17946907?
6
What is the hundreds digit of 16328700?
7
What is the hundred thousands digit of 334470?
3
What is the tens digit of 3866384?
8
What is the units digit of 225712?
2
What is the ten thousands digit of 9831032?
3
What is the hundred thousands digit of 261337?
2
What is the hundreds digit of 293697?
6
What is the tens digit of 164077?
7
What is the millions digit of 12425427?
2
What is the ten thousands digit of 2247665?
4
What is the tens digit of 54914?
1
What is the tens digit of 505468?
6
What is the hundreds digit of 24651?
6
What is the thousands digit of 628943?
8
What is the thousands digit of 57216?
7
What is the thousands digit of 33831?
3
What is the tens digit of 1335538?
3
What is the millions digit of 3176047?
3
What is the hundreds digit of 1104449?
4
What is the hundreds digit of 102925?
9
What is the tens digit of 390054?
5
What is the ten thousands digit of 7218344?
1
What is the thousands digit of 225393?
5
What is the hundred thousands digit of 240260?
2
What is the hundreds digit of 2462933?
9
What is the tens digit of 29982056?
5
What is the millions digit of 10830635?
0
What is the thousands digit of 295023?
5
What is the hundred thousands digit of 1159763?
1
What is the tens digit of 3611494?
9
What is the ten thousands digit of 15129916?
2
What is the millions digit of 1497545?
1
What is the hundreds digit of 123942?
9
What is the thousands digit of 4341081?
1
What is the thousands digit of 466715?
6
What is the thousands digit of 964241?
4
What is the hundreds digit of 246180?
1
What is the millions digit of 14852555?
4
What is the millions digit of 3043658?
3
What is the units digit of 41604?
4
What is the ten thousands digit of 2477339?
7
What is the thousands digit of 18131685?
1
What is the hundred thousands digit of 1431242?
4
What is the hundreds digit of 25789269?
2
What is the thousands digit of 630891?
0
What is the ten thousands digit of 198676?
9
What is the ten thousands digit of 3112872?
1
What is the hundred thousands digit of 928155?
9
What is the ten thousands digit of 11863518?
6
What is the millions digit of 1269044?
1
What is the hundred thousands digit of 2839098?
8
What is the ten thousands digit of 6478918?
7
What is the ten millions digit of 19000983?
1
What is the ten thousands digit of 1234087?
3
What is the millions digit of 9758869?
9
What is the millions digit of 1031668?
1
What is the hundred thousands digit of 5673195?
6
What is the hundreds digit of 5649382?
3
What is the hundred thousands digit of 12399805?
3
What is the hundreds digit of 2553237?
2
What is the units digit of 288600?
0
What is the tens digit of 79310?
1
What is the ten thousands digit of 4345992?
4
What is the tens digit of 18722735?
3
What is the thousands digit of 183153?
3
What is the units digit of 29824?
4
What is the hundred thousands digit of 22048891?
0
What is the hundreds digit of 8274826?
8
What is the ten thousands digit of 408673?
0
What is the hundreds digit of 5226090?
0
What is the ten millions digit of 15039832?
1
What is the hundred thousands digit of 15087988?
0
What is the ten thousands digit of 999299?
9
What is the hundred thousands digit of 293894?
2
What is the units digit of 31645?
5
What is the millions digit of 3150338?
3
What is the tens digit of 105171?
7
What is the hundreds digit of 4864803?
8
What is the hundreds digit of 1701261?
2
What is the tens digit of 23056504?
0
What is the tens digit of 1607815?
1
What is the hundred thousands digit of 1609198?
6
What is the hundreds digit of 89934?
9
What is the thousands digit of 3648602?
8
What is the thousands digit of 868912?
8
What is the millions digit of 23719457?
3
What is the hundred thousands digit of 3303637?
3
What is the hundreds digit of 667646?
6
What is the thousands digit of 3887465?
7
What is the units digit of 182103?
3
What is the tens digit of 8378368?
6
What is the hundreds digit of 176349?
3
What is the hundred thousands digit of 125814?
1
What is the thousands digit of 60660?
0
What is the hundreds digit of 4114040?
0
What is the units digit of 45924?
4
What is the ten thousands digit of 4060253?
6
What is the tens digit of 9145978?
7
What is the tens digit of 786704?
0
What is the thousands digit of 69318?
9
What is the ten thousands digit of 2739449?
3
What is the hundreds digit of 35144585?
5
What is the hundred thousands digit of 307186?
3
What is the thousands digit of 78601?
8
What is the hundred thousands digit of 4003478?
0
What is the hundred thousands digit of 11714456?
7
What is the ten thousands digit of 29737?
2
What is the ten thousands digit of 4036244?
3
What is the tens digit of 3778028?
2
What is the tens digit of 3935574?
7
What is the units digit of 3374266?
6
What is the hundreds digit of 6914751?
7
What is the hundreds digit of 6017625?
6
What is the thousands digit of 1287332?
7
What is the thousands digit of 909935?
9
What is the thousands digit of 377443?
7
What is the hundred thousands digit of 1170532?
1
What is the hundred thousands digit of 3828560?
8
What is the hundred thousands digit of 1190980?
1
What is the units digit of 285261?
1
What is the units digit of 177464?
4
What is the ten thousands digit of 2335079?
3
What is the millions digit of 2470896?
2
What is the millions digit of 1131595?
1
What is the ten thousands digit of 172750?
7
What is the millions digit of 2354520?
2
What is the thousands digit of 966372?
6
What is the units digit of 1204561?
1
What is the hundreds digit of 1405309?
3
What is the tens digit of 3937211?
1
What is the hundred thousands digit of 1370465?
3
What is the ten thousands digit of 64537?
6
What is the hundred thousands digit of 406250?
4
What is the tens digit of 40593?
9
What is the ten thousands digit of 153982?
5
What is the hundreds digit of 236977?
9
What is the units digit of 8635392?
2
What is the tens digit of 932373?
7
What is the thousands digit of 770133?
0
What is the thousands digit of 4147280?
7
What is the hundred thousands digit of 1006306?
0
What is the hundreds digit of 376480?
4
What is the units digit of 1366911?
1
What is the units digit of 277151?
1
What is the millions digit of 2343058?
2
What is the thousands digit of 2058579?
8
What is the millions digit of 5188741?
5
What is the ten thousands digit of 37684719?
8
What is the thousands digit of 25068955?
8
What is the ten thousands digit of 3775262?
7
What is the hundreds digit of 155383?
3
What is the ten thousands digit of 1997476?
9
What is the ten thousands digit of 11434?
1
What is the tens digit of 314829?
2
What is the hundreds digit of 461414?
4
What is the ten thousands digit of 356482?
5
What is the thousands digit of 359616?
9
What is the tens digit of 112288?
8
What is the ten thousands digit of 95736?
9
What is the units digit of 11971856?
6
What is the tens digit of 10394769?
6
What is the hundreds digit of 202281?
2
What is the ten thousands digit of 220357?
2
What is the hundred thousands digit of 497748?
4
What is the hundred thousands digit of 3421224?
4
What is the millions digit of 2268453?
2
What is the tens digit of 933983?
8
What is the ten thousands digit of 20688902?
8
What is the hundreds digit of 368587?
5
What is the ten thousands digit of 22571?
2
What is the hundreds digit of 12662707?
7
What is the hundreds digit of 8158252?
2
What is the thousands digit of 315976?
5
What is the hundreds digit of 6486977?
9
What is the tens digit of 3120